st derivative of y*v**2 + 14 + 4*v. Give o(-3).
-11
Let d(z) = 2*z + 2. Suppose 169*v = 171*v + 2. Determine d(v).
0
Let q(u) = -4*u - 2. Suppose 0 = -0*l - 9*l - 36. Let b(k) = 5*k + 2. Let i(s) = l*b(s) - 3*q(s). Calculate i(-2).
14
Let m(w) = 3*w + 1. Let b(o) = -o**3 + 5*o**2 + 7*o + 9. Let h(k) = 1. Let i(u) = b(u) - 3*h(u). Let x be i(6). Let d be (4/x + -1)*-3. What is m(d)?
7
Let d = 29 - 22. Suppose -2*g - 8*g + 10 = 0. Let j(z) = -z + 9 - g - d. Calculate j(-4).
5
Let k(b) be the first derivative of 2*b + 1 + 2/3*b**3 + 1/4*b**4 + 3/2*b**2. Suppose 3*g - 4 = -m, -5*g = m - 8 - 0. Calculate k(m).
-4
Let o(z) be the third derivative of 1/60*z**5 + 0 + 1/4*z**4 + 0*z + 1/6*z**3 + 8*z**2. Suppose -3*v + v = 4*a, 0 = -5*a + 15. Determine o(v).
1
Let x = -19 - -21. Let k(l) = 0*l**x - 3*l**3 + 0*l**3 - 1 + 6*l + 4*l**3 - 6*l**2. Let f be 1*(-2 + -1) + 7. Determine k(f).
-9
Let a(t) = 0 + 6394*t**2 + 2*t + 3 - 6393*t**2 + 3*t. Let l(k) be the third derivative of -k**4/12 + 7*k**3/6 + k**2. Let x be l(5). Determine a(x).
-3
Suppose u = 116 - 110. Let a(z) = 7*z**3 - 9*z**2 - z + 13. Let c(b) = -b**3 - 1. Let q(f) = u*c(f) + a(f). Determine q(9).
-2
Suppose f + 3*t = 5*f - 9, 0 = 4*f + 3*t - 15. Let y(r) = 7*r - r**3 + 2*r**2 - 9*r + 1 - 6*r**2 + 2*r**f. Suppose 12 = 4*b - b. Calculate y(b).
-7
Let a(u) = -2*u - 1. Let c(h) = 4*h. Let m(r) = -7*a(r) - 3*c(r). Let v be 3/6*1*-14. Determine m(v).
-7
Let j(t) = 2*t**3 - 46 - 3*t**2 + 48 - 6*t**3 + 0*t**3 - 2*t. Calculate j(-2).
26
Let m(g) be the first derivative of -g**4/4 - 2*g**3/3 + 2*g**2 + 3*g - 125. Give m(-4).
19
Let d(p) = -p**2 + 3*p + 28. Let u be d(-4). Let k(l) = l**3 + l**2 + 17. Calculate k(u).
17
Let n = -17867/12 + 1489. Let i(p) be the second derivative of -5/6*p**3 + 7/2*p**2 - n*p**4 + 8*p + 0. Calculate i(-6).
1
Let o = -224/11 - -683/33. Let l(x) be the first derivative of -2*x + 5 - o*x**3 - 3*x**2. Calculate l(-5).
3
Let o(p) = -p - 4*p + 22*p**3 - 5*p**3 + 0*p**3 + 6 - p**2. Let n(x) = x - 1. Let d(a) = -5*n(a) - o(a). Suppose 0 = -2*j - 3 + 1. Calculate d(j).
17
Let i be (3/(-5))/(3/(-15)). Let r(d) = -9*d**2 + 2*d - 11. Let h(p) = 7*p**2 - 2*p + 9. Let y(x) = -4*h(x) - 3*r(x). Give y(i).
-6
Let x(k) = k**2 + k + 2 + 4 + 5*k. Suppose -l = -5*t + l, 5*t = -l + 15. Suppose -5*u - m = 4*m + 45, -5*m - 33 = t*u. Determine x(u).
-2
Let b be (-1)/(-4) + (-28)/(-16). Let z(u) = -8*u - 2. Determine z(b).
-18
Suppose 2*r - 156 = 28*r. Let z(g) = 4*g + 8. Give z(r).
-16
Let f(r) = r**3 - 16*r**2 - 22. Suppose 161 = 13*j - 47. Calculate f(j).
-22
Let f(c) be the second derivative of 7/2*c**2 - 1/12*c**4 + 0 + 10*c + 1/6*c**3. Let z(r) be the first derivative of f(r). Give z(3).
-5
Let p(b) = -b**3 - 6*b**2 + 6*b - 21. Let o(h) = h**3 + 10*h**2 + 12*h + 20. Let w be o(-9). What is p(w)?
-14
Let l(h) = -5*h**3 - 17*h**2 - h - 8. Let v(u) = -11*u**3 - 36*u**2 - 2*u - 17. Let b(n) = -13*l(n) + 6*v(n). Calculate b(6).
-28
Let g be (-928)/(-256) - 12/(-32). Let b(l) = -l + 8. Calculate b(g).
4
Let o(k) = -2*k - 1. Let d be o(-13). Suppose d = 5*g - 0*g. Suppose m - g = 1. Let n(w) = -w**3 + 7*w**2 - 5*w - 1. Determine n(m).
5
Let g = -11 - -14. Let s(k) = 6 + k - g - 6. Let v be s(3). Let c(l) = -l**3 - l - 7. What is c(v)?
-7
Suppose -4*t + 47 - 15 = 0. Let j(g) = g**3 - 9*g**2 + 9*g - 7. Determine j(t).
1
Let i(h) = -h**2 + 3*h + 3. Suppose 4*g + 4*v - 320 = -v, -3*g + 240 = 2*v. Let s = -53 + g. Let u = 31 - s. Calculate i(u).
-1
Let i(m) = m**2 - 8*m + 11. Let b = -3 - -2. Let p(x) = 8 - 2 + 1 + 0 - 6. Let g(v) = b*i(v) + 4*p(v). Give g(6).
5
Let z(v) = -2*v + 8. Let p = 47 + -43. Let u be z(p). Let j(x) = -x**2 + x + 6. What is j(u)?
6
Let c(o) = 3*o**3 - 9*o**2 - 4*o + 1. Let f(z) be the first derivative of 2*z**4 - 26*z**3/3 - 6*z**2 + 3*z + 27. Let x(t) = 11*c(t) - 4*f(t). Determine x(-4).
-1
Let u = 12 - 9. Let n be -5 - -5 - (0 - u). Let z(d) = -2*d + 1 + d - n*d + 0*d. Calculate z(-1).
5
Suppose -3*q + 2*q = -5*n + 12, -2*n - 4*q - 4 = 0. Let c(g) = 15 + 4*g - 33 + 13 + g**n. What is c(-4)?
-5
Let k(p) = p**2 - 5*p - 8. Suppose 2*i + 96 = 3*r - 70, 2*i - r + 166 = 0. Let m = 90 + i. Determine k(m).
6
Let o(x) be the third derivative of x**4/4 + x**3/6 + 39*x**2. Suppose y + 0 = 1. What is o(y)?
7
Let b(k) = -11. Let w(j) = -20*j + 48. Let i(q) = 4*b(q) + w(q). Give i(-2).
44
Let y(j) = j. Suppose -o - x + 39 = -0*o, -5*o + 3*x = -171. Let u = o - 29. Determine y(u).
7
Suppose -4*z - 52 = d, -38 - 2 = 4*z + 4*d. Let t = -10 - z. Let r(g) = -2*g**2 - 4*g + 0*g**3 - 3 - g**3 + 7*g**2. Determine r(t).
-3
Let n(j) = -j**2 - 27*j + 189. Let y be n(6). Let p(x) = -x**3 - 8*x**2 + 11*x + 2. What is p(y)?
-16
Let p(m) be the third derivative of m**4/8 + m**3/2 - m**2. Let f(g) be the first derivative of -5*g**2/2 + 15*g + 1. Let b be f(2). What is p(b)?
18
Let s(i) = i**2 - 2*i - 3. Let l(m) = m**3 + 16*m**2 + 3*m + 1. Let h be l(-16). Let z = h + 52. Give s(z).
12
Let q(c) = -c**3 + 2. Let z = -1 + 1. Suppose 0 = -d - 5*s + 5, -3*d = 4*s - z - 4. Determine q(d).
2
Let z(o) = -2*o**2 + 87*o**3 + 8 + 93*o**3 - 3*o**2 + 3*o - 181*o**3. Give z(-6).
26
Let n(d) = d - 2. Let j(u) = 22*u + 101. Let a be j(-5). What is n(a)?
-11
Let x(n) = -n**2 - 12*n + 17. Let k(j) = 3*j - 4. Let a(y) = 9*k(y) + 2*x(y). Suppose 34*u - 17 + 13 = 98. Determine a(u).
-11
Let i(g) be the second derivative of -1/8*g**4 + 1/2*g**3 + 0*g**2 + 0*g**5 - 1/360*g**6 + 6*g + 0. Let b(w) be the second derivative of i(w). What is b(-3)?
-12
Let v(i) = 14*i**2 + 35*i - 3. Let q(g) be the third derivative of -g**5/12 - g**4/2 + g**3/6 + g**2. Let d = 391 - 385. Let m(p) = d*v(p) + 17*q(p). Give m(5).
4
Let n(m) = 1474 - 13*m + 1472 - 2944. Calculate n(2).
-24
Let p be -2 + -2 + -13 + 0 + -1. Let z(d) = d**2 + 18*d - 2. Calculate z(p).
-2
Let u(p) = p**3 + 6*p**2 - 4*p + 5. Suppose -f - 2 = -5*h, 33 = -3*f - h + 11. What is u(f)?
-16
Let l(x) = -3*x - 3*x**3 - 2*x + 4*x + 8*x - 21 - 9*x**2 + 2*x**3. What is l(-10)?
9
Suppose 0 = 4*k - 20 - 0. Suppose k*g + 18 = 11*g. Let y(m) = -5*m + 4. Give y(g).
-11
Let a(d) be the third derivative of d**6/120 + 7*d**5/60 + d**4/6 - d**3/3 + 8*d**2 - 6. Determine a(-7).
-30
Let g(f) = -f**2 - 6*f - 6. Let l be ((21 + 3)/(-6))/1. What is g(l)?
2
Let k = -126 - -127. Let c(f) be the second derivative of 5*f**4/12 + f**3/3 - f**2/2 - 4*f. Give c(k).
6
Let m(l) be the first derivative of 3*l**5/5 - l**4/12 + l**3/6 - l**2/2 - 13*l - 12. Let w(s) be the first derivative of m(s). Let u = -1 - -2. Calculate w(u).
11
Let y = -116 + 105. Let b(x) = 16*x - 22. Let v(r) = -3*r + 4. Let d(p) = y*v(p) - 2*b(p). Calculate d(-4).
-4
Let j(p) = -4*p**2 - 8*p - 2. Let h(u) = -7*u**2 - 15*u - 4. Let m(a) = 3*h(a) - 5*j(a). Suppose 15*z = 34*z + 95. Give m(z).
-2
Let w(i) be the first derivative of 3*i**2 - 12*i - 3. Let o be w(10). Let y be 10/65 - o/(-26). Let g(q) = -q**2 + 2*q - 3. Calculate g(y).
-3
Let i = 101 - 104. Let z(f) = 2*f - 8. Let o(y) = 1. Let x(a) = 4*o(a) + z(a). Give x(i).
-10
Let j(d) = 3 + 1 - d**2 - 19*d + 27*d - 6*d. Give j(3).
1
Let z(c) = c**3 + 2*c**2 - 7. Let l be z(0). Let k(g) = g**2 - g. Let r(i) = -3*i**2 - 6*i - 1. Let b(v) = -2*k(v) - r(v). What is b(l)?
-6
Let o(j) = 2*j**3 + 3*j**2 - 4*j - 2. Let y(l) = -15*l + 27. Let v be y(2). What is o(v)?
-17
Let j = -81 - -75. Let g(i) = 3*i + 0 - 3 + 0 + 0. Let s(f) = 5*f - 6. Let t(x) = 7*g(x) - 4*s(x). What is t(j)?
-3
Let l(u) = u**3 + 12*u**2 - 5. Suppose 2*r - 7 + 3 = w, -5*r - 32 = w. Give l(w).
-5
Let j(w) = w**3 - 6*w**2 + 5*w - 4. Let i be -3 + (-2 + -3)/(-5). Let d be (-50)/15*3/i. Give j(d).
-4
Let z(u) = -u**3 + 2*u - 1. Let c be z(2). Let l(a) = 3*a - 168 - 4*a - 171 + 334. Give l(c).
0
Let u be 12/(96/(-4)) + 15/2. Let p(h) = h**3 - 7*h**2. Calculate p(u).
0
Suppose 0 = 5*w - 4*t - 37, -w + t = 55 - 63. Let f(g) = -g**3 + 6*g**2 - 2*g. Calculate f(w).
15
Let n = 205 + -205. Let y(l) = l - 2*l + 3*l - 1 - 3*l. Determine y(n).
-1
Let o(u) be the second derivative of -u**7/2520 + u**6/72 + u**5/15 + 19*u**4/12 - 29*u. Let b(s) be the third derivative of o(s). Give b(10).
8
Let w(v) = 3*v - 6. Let f be w(-2). Let r be ((-1)/3)/(f/36). Let g(c) = -7*c. Give g(r).
-7
Let t = -3 - -5. Let x(c) = 69*c**2 + 2. Let d(g) 